
Let k(j) = -35*j + 462. Determine k(13).
7
Let a(k) = k**3 - 5*k**2 - 11*k + 27. What is a(6)?
-3
Let y(n) = -3*n**2 - 29*n + 14. Give y(-10).
4
Let z(x) = x + 6. Calculate z(10).
16
Let s(x) = -2*x**3 - 19*x**2 + 9*x - 28. Determine s(-10).
-18
Let a(n) = 4*n + 90. What is a(-31)?
-34
Let i(a) = -a**3 - 7*a**2 - 5*a - 8. Determine i(-6).
-14
Let t(m) = -m**2 - 14*m - 20. Determine t(-14).
-20
Let t(w) = w**2 - 8*w - 16. Calculate t(9).
-7
Let n(i) = -i - 21. What is n(-12)?
-9
Let w(a) = 5*a - 31. Calculate w(7).
4
Let i(h) = -5*h**3 + h. What is i(-1)?
4
Let i(l) = 3*l - 3. Determine i(1).
0
Let i(j) = 17*j - 7. Determine i(3).
44
Let a(g) = g**3 - 2*g**2 - 11*g + 10. What is a(4)?
-2
Let k(x) = x**3 + 3*x**2 - x - 2. Calculate k(-3).
1
Let k(m) = m**3 - 50*m**2 + 139*m + 101. What is k(47)?
7
Let l(z) = z**3 - 9*z**2 - 12*z + 16. Determine l(10).
-4
Let f(v) = -v**2 - 8*v - 10. Give f(-9).
-19
Let t(u) = -u**3 - 8*u**2 + 21*u - 6. What is t(-10)?
-16
Let v(l) = l - 10. Calculate v(-5).
-15
Let m(g) = -g - 14. What is m(-10)?
-4
Let j(r) = -2*r**2 - 4*r + 10. What is j(4)?
-38
Let y(t) = -t**3 - 5*t**2 + 9*t - 4. Calculate y(2).
-14
Let a(l) = 2*l**3 - 3*l**2 - 3*l + 3. Determine a(4).
71
Let x(f) = 3*f**2 - 19*f - 4. What is x(5)?
-24
Let n(i) = -i**3 - 8*i**2 - 12*i - 34. What is n(-7)?
1
Let d(s) = 3*s**2 - 6*s - 39. Give d(-3).
6
Let c(k) = -k**2 + 11*k + 4. What is c(11)?
4
Let i(k) = -k**3 - 7*k**2 - 12*k - 35. Give i(-6).
1
Let m(v) = v**3 - 15*v**2 + 14*v - 6. Calculate m(14).
-6
Let u(d) = d**3 - 5*d**2 - 5*d - 18. Give u(6).
-12
Let w(m) = -5*m - 78. Determine w(-15).
-3
Let f(s) = s**2 - 3*s + 1. What is f(-5)?
41
Let u(p) = -6*p - 28. Calculate u(-6).
8
Let m(k) = -5*k**3 - 40*k**2 - 7*k - 52. Determine m(-8).
4
Let s(q) = 5*q**2 + 40*q - 7. Calculate s(-8).
-7
Let t(y) = 28*y + 44. What is t(-8)?
-180
Let c(k) = -79*k - 14. Calculate c(1).
-93
Let a(c) = -16*c + 21. Determine a(7).
-91
Let x(n) = n + 12. What is x(-11)?
1
Let s(l) = -2*l**3 + 8*l**2 - 4*l. Determine s(3).
6
Let w(g) = g**3 - 44*g**2 - 47*g + 97. Determine w(45).
7
Let z(q) = q**2 - q. Give z(5).
20
Let q(k) = 5*k**3 - 2*k**2 + 1. Give q(-1).
-6
Let m(o) = 8*o - 39. What is m(6)?
9
Let z(i) = i**2 + 22*i + 92. Calculate z(-17).
7
Let v(u) = -5*u**3 + u**2. Give v(-1).
6
Let h(s) = -2*s + 8. Calculate h(-3).
14
Let p(s) = 25*s**2 - s + 2. Determine p(1).
26
Let q(t) = t**3 - 4*t**2 - 24*t + 20. Calculate q(8).
84
Let c(g) = g + 28. Determine c(-11).
17
Let k(j) = -3*j**2 - 28*j - 65. What is k(-6)?
-5
Let g(y) = -5*y**2 - 3*y + 4. Determine g(-3).
-32
Let i(t) = 6*t**3 - t**2 - 3*t + 3. Determine i(1).
5
Let b(r) = -2*r**2 + 52*r - 55. What is b(25)?
-5
Let y(f) = f**2 - 16*f + 15. Calculate y(13).
-24
Let u(w) = 2*w + 37. Give u(-15).
7
Let z(p) = p + 13. Calculate z(-13).
0
Let r(v) = 50*v + 14. Give r(-2).
-86
Let s(y) = -107*y + 2. Calculate s(1).
-105
Let q(n) = 6*n + 55. Give q(-6).
19
Let y(h) = 2*h**2 - 13*h + 25. Calculate y(6).
19
Let h(m) = 11*m + 53. Calculate h(-4).
9
Let y(i) = 2*i. What is y(1)?
2
Let v(n) = n**2 + 10*n + 12. Calculate v(-8).
-4
Let v(f) = f**3 - 14*f**2 + 15*f + 9. What is v(13)?
35
Let j(b) = -b**2 + 16*b + 51. Determine j(19).
-6
Let q(k) = -9*k + 97. Give q(11).
-2
Let k(p) = -p**3 + 6*p**2 - 5*p + 2. What is k(5)?
2
Let s(l) = l**2 - 10*l - 3. Give s(9).
-12
Let w(k) = 3*k + 4. Determine w(-7).
-17
Let g(q) = -q + 1. Give g(-3).
4
Let x(l) = l**2 + 4*l - 8. Give x(-10).
52
Let s(z) = z**3 - 7*z**2 + z - 17. What is s(7)?
-10
Let n(b) = b**3 - 5*b**2 + b + 7. Calculate n(5).
12
Let x(f) = f**3 - 4*f**2 - 8*f + 10. Give x(5).
-5
Let a(y) = 2*y - 7. Determine a(8).
9
Let w(h) = h**3 - 10*h**2 - 26*h + 23. What is w(12)?
-1
Let v(n) = -9*n + 10. What is v(0)?
10
Let m(l) = -l**2 + l + 3. Give m(2).
1
Let m(g) = g**3 + 5*g**2 - 4*g + 14. What is m(-6)?
2
Let h(y) = 3*y**3 - 2*y**2 + 6*y - 10. Determine h(2).
18
Let k(r) = 4*r**2 - 21*r - 42. Give k(7).
7
Let g(y) = 2*y + 5. Calculate g(4).
13
Let o(b) = b**3 + 4*b**2 - 14*b - 13. What is o(-5)?
32
Let c(h) = 4*h**3 + h**2 + 5. Give c(2).
41
Let u(m) = m**3 + 34*m**2 + 35*m + 59. What is u(-33)?
-7
Let x(v) = -9*v - 10. What is x(0)?
-10
Let p(s) = -s + 90. Give p(17).
73
Let u(a) = 2*a + 1. Give u(3).
7
Let h(r) = r**3 + 8*r**2 + 2*r + 16. Give h(-8).
0
Let s(t) = -5*t**3 + 23*t**2 + 11*t - 2. Determine s(5).
3
Let d(z) = z**2. Calculate d(-3).
9
Let d(j) = 30*j - 1. Determine d(2).
59
Let d(z) = z**2 - 5*z + 5. Determine d(5).
5
Let a(n) = -3*n**3 - 2*n**2 - 2*n + 2. Calculate a(-2).
22
Let t(z) = z - 37. Calculate t(0).
-37
Let q(u) = 10*u + 1. Determine q(-1).
-9
Let d(p) = p**2 - 4*p - 17. Give d(6).
-5
Let j(k) = k**2 - 13*k - 5. What is j(0)?
-5
Let f(z) = -8*z + 32. What is f(6)?
-16
Let r(w) = -w**3 - 3*w**2 - 3*w - 12. Give r(-2).
-10
Let k(n) = -15*n + 12. What is k(-3)?
57
Let x(n) = 2*n**2 + 26*n - 30. Determine x(-14).
-2
Let c(o) = -2*o**3 - 24*o**2 - o - 14. Calculate c(-12).
-2
Let y(u) = -u**3 + 7*u**2 - 4*u - 8. Determine y(6).
4
Let h(d) = -5*d**2 - 16*d + 22. Calculate h(3).
-71
Let d(o) = -o**2 + 25*o - 148. Calculate d(14).
6
Let y(j) = -j**2 + 32*j + 231. What is y(-6)?
3
Let q(o) = o**2 - 6*o + 3. What is q(7)?
10
Let i(w) = w**3 - 24*w**2 + 24*w + 7. Determine i(23).
30
Let t(x) = -2*x**2 - 23*x - 14. Determine t(-11).
-3
Let i(j) = 4*j - 2. Give i(4).
14
Let g(k) = -k**3 - 24*k**2 - 22*k + 13. Give g(-23).
-10
Let z(i) = -2*i**2 + 4*i - 4. What is z(4)?
-20
Let b(s) = -s**3 + 6*s**2 - s - 1. Determine b(6).
-7
Let c(b) = 8*b - 56. Give c(8).
8
Let c(f) = -5*f + 1. Give c(0).
1
Let g(i) = -5*i + 36. Determine g(10).
-14
Let s(l) = -l + 12. Give s(5).
7
Let g(m) = m**2 + 5*m + 2. What is g(-8)?
26
Let k(s) = -2*s - 5. Calculate k(12).
-29
Let w(n) = -n**2 - 11*n - 3. Determine w(-12).
-15
Let v(a) = 13*a - 25. What is v(2)?
1
Let r(p) = -121*p - 10. What is r(-1)?
111
Let t(x) = x**3 + 15*x**2 - 14*x + 37. Calculate t(-16).
5
Let h(z) = -z**3 + 5*z**2 - 11. What is h(5)?
-11
Let f(w) = -w**2 + 14*w - 10. Determine f(13).
3
Let c(j) = j**3 - j**2 - 3*j - 3. Calculate c(3).
6
Let g(u) = -6*u - 12. Determine g(-14).
72
Let c(l) = l**2 - 10*l + 10. What is c(7)?
-11
Let b(a) = -a**3 + 10*a**2 - 6*a + 12. Give b(9).
39
Let j(m) = m**2 - 13*m + 26. What is j(12)?
14
Let d(o) = o**3 + 14*o**2 + 17*o + 67. What is d(-13)?
15
Let l(n) = 5*n + 3. What is l(2)?
13
Let r(y) = -y**3 - 6*y**2 - 4*y - 1. Give r(-4).
-17
Let q(h) = -h**3 + 10*h**2 - 18*h + 12. Calculate q(8).
-4
Let x(v) = 2*v**2 - 36*v + 159. What is x(11)?
5
Let m(z) = 4*z + 3. What is m(-4)?
-13
Let z(l) = 31*l**2 - 1. What is z(-1)?
30
Let i(m) = m**2 - 6*m - 16. Give i(7).
-9
Let f(r) = 4*r**2 + 12*r - 42. What is f(4)?
70
Let s(l) = -5*l**2 - 19*l - 1. What is s(-4)?
-5
Let j(w) = 3*w**2 - 12*w + 22. Determine j(4).
22
Let r(w) = -3*w**2 + 5*w + 9. Calculate r(5).
-41
Let c(w) = 4*w - 5. Calculate c(5).
15
Let h(v) = v - 23. What is h(7)?
-16
Let b(n) = n**3 - 9*n**2 + 18*n - 22. Give b(7).
6
Let r(x) = 16*x + 2. What is r(-3)?
-46
Let z(m) = 101*m**3 + 3*m**2 - 4*m + 2. Determine z(1).
102
Let k(w) = 22*w - 141. Determine k(13).
145
Let h(v) = -3*v + 22. What is h(16)?
-26
Let k(v) = v**2 - 6*v - 2. What is k(9)?
25
Let f(i) = i**3 - 28*i**2 - 5*i + 136. What is f(28)?
-4
Let j(s) = -9*s + 21. Determine j(3).
-6
Let t(i) = -i**2 - 8*i + 28. What is t(-11)?
-5
Let j(m) = 17*m + 104. Give j(-6).
2
Let m(o) = 17*o + 1. Calculate m(1).
18
Let y(h) = 3*h - 12. What is y(6)?
6
Let p(h) = h**2 + 13*h - 10. Give p(-9).
-46
Let c(d) = d**2 - 18*d + 10. What is c(17)?
-7
Let s(i) = i**2 + 5*i + 5. Determine s(-12).
89
Let y(a) = a**3 - 9*a**2 - 4*a + 10. What is y(9)?
-26
Let p(z) = 7*z + 6. What is p(-8)?
-50
Let k(n) = 6*n - 63. What is k(-12)?
-135
Let s(f) = -f**3 + 2*f**2 + f - 3. Calculate s(0).
-3
Let i(s) = -12*s**3 + 2*s**2 - 1. Give i(-1).
13
Let m(h) = -h + 18. What is m(17)?
1
Let i(k) = 7*k - 2. What is i(2)?
12
Let l(a) = -a**3 + 2*a + 26. Calculate l(0).
26
Let g(k) = 2*k + 108. Give g(0).
108
Let a(u) = -u**2 - 21*u - 8. Determine a(-10).
102
Let a(r) = r**2 + 12*r. What is a(-7)?
-35
Let j(y) = y**3 - 10*y**2 - y + 19. What is j(10)?
9
Let d(l) = l**2 + 13*l - 26. Determine d(-15).
4
Let 